1, 4*u = -4*q + 12. What is the tens digit of q/6 - 4430/(-30)?
4
Suppose 3*g = 2*s + 15, 2*g + 7*s - 4*s + 3 = 0. Suppose g = -4*h + 11. Suppose t + r = h*t - 10, t - 12 = 3*r. What is the units digit of t?
9
Suppose 0 = 11*v - 15*v + 1440. What is the tens digit of v?
6
Let u be (-4)/(-4) - (-4 + 0). Let n(x) = 32*x - 1. What is the tens digit of n(u)?
5
Let g be (-2 - 1)/((-18)/(-12)*-1). Let z(j) = 10*j + 1. What is the units digit of z(g)?
1
Let n = 67 - 30. Let h be (-2)/(-10) - (-177)/15. Let q = n - h. What is the tens digit of q?
2
Let a(o) = 37*o - 61. Let r(b) = -19*b + 30. Let t(p) = -6*a(p) - 11*r(p). What is the hundreds digit of t(-9)?
1
Let i(p) = 5*p**2 + 20*p - 3. Let y(j) = 4*j**2 + 19*j - 3. Let r(v) = -5*i(v) + 6*y(v). What is the units digit of r(11)?
0
Let o = 5401 - 2572. What is the hundreds digit of o?
8
Suppose 0 = -2*i - 4*t + 4118, 49*i - 48*i = -4*t + 2053. What is the tens digit of i?
6
Let n(l) = l**3 + 9*l**2 + 7*l - 1. Suppose 6*s - s + 30 = 0. What is the tens digit of n(s)?
6
Suppose 7*g - 3*g = -s - 97, 2*s = -4*g - 98. Suppose d - 9*d = -24. What is the tens digit of g/(-4)*d - 2?
1
Let q(y) = -8 + 8*y - y - 8*y + 35*y. What is the units digit of q(2)?
0
Let b = 289 + -156. What is the hundreds digit of b?
1
Suppose 0 = -3*b - 4 - 2, -4*h = -b - 22. Suppose -h = -2*p - 3. What is the units digit of (-4 - -3 - -2)*p?
1
Suppose 3*r - 1250 = -7*m + 5*m, 2*r = -4*m + 2500. What is the tens digit of m?
2
Suppose 5*a + 58368 = 37*a. What is the thousands digit of a?
1
Let o = 968 - 605. What is the hundreds digit of o?
3
What is the tens digit of 1677*(-4 - (-4 - (-4 - -5)))?
7
Let x be (4/(-3))/(-2) - (-1624)/12. What is the tens digit of (-25)/(-15) + -2 + x/3?
4
Let h(w) = 29*w**3 + 9*w**2 + w - 1. What is the hundreds digit of h(4)?
0
Suppose 10*j - 42 = 3*j. Let m(l) = l**3 + 5 - 5*l**2 + 0*l**2 - 4*l - l. What is the tens digit of m(j)?
1
Suppose 2*d - 18 = 4*l, 0 = 3*d + 4*l - 0*l - 17. Let a be -15*(-2 + 5/3). Let t = a + d. What is the tens digit of t?
1
Suppose 11*s = 18*s - 1477. What is the hundreds digit of s?
2
Let d = 685 + -364. What is the hundreds digit of d?
3
Let u(c) = c**2 - 6*c + 4. Let t(z) = -2*z**3 - 3*z**2 - 2*z. Let y = 4 - 6. Let o be t(y). What is the tens digit of u(o)?
2
What is the hundreds digit of -995*((-2)/8 + (-12)/16)?
9
Let q be 18/7*896/24. Suppose -2*j + q = -0*j. Suppose -r = -j - 27. What is the units digit of r?
5
Let x be 63/28 - (-1)/(-4). Suppose -4*w - 5*a = -425, -6*a = 5*w - x*a - 529. What is the units digit of w?
5
Let z = 60 + -54. What is the units digit of 550/15 + (-4)/z?
6
What is the units digit of (152 - 1) + -36 + 29?
4
Suppose -414 = 3*j - 1551. What is the units digit of j?
9
Let w = 602 + -425. Let t = -103 + w. What is the units digit of t?
4
Suppose 0 = -4*u - 1 + 17. Suppose 2*w - 172 = -3*q + 1, -340 = -u*w - 4*q. What is the tens digit of w?
8
Suppose 6*i - 8 = 7*i. Let y(t) = 3*t + 26. Let h be y(i). What is the units digit of h*(-7)/(21/(-9))?
6
Let x be 21/2*(-8)/6. What is the tens digit of (-498)/(-9) + x/(-21)?
5
Suppose v + 5*m = 3*v + 10, -4*v + 2*m = -12. Suppose 4*d + 22 = v*d. Suppose -5*x = 3*f - d, 5*f + 0*x - 74 = x. What is the tens digit of f?
1
Let j = -803 - -1218. What is the tens digit of j?
1
Let z = 292 + -44. Suppose z = 3*x + x. What is the units digit of x?
2
What is the units digit of ((-75)/50)/((-3)/2938)?
9
Let d = -2 - -31. What is the units digit of d?
9
Let b = 2317 + -1143. What is the hundreds digit of b?
1
Suppose 5 - 19 = -7*s. Let a be (-103)/(-4) - (-1)/4. Suppose -z - 1 = -2, 0 = -s*x - 4*z + a. What is the tens digit of x?
1
Suppose 0 = 4*c + 3*d - 899, -5*d - 667 = -2*c - c. Let j = -137 + c. What is the tens digit of j?
8
Let z = -14 + 11. Let v be ((-4)/(-3) + -3)*z. Suppose 3*d - 22 = v*c - 112, 0 = 2*c + d - 25. What is the tens digit of c?
1
Let f(x) = -x**3 - 4*x**2 + 6*x + 7. Let m be f(-5). Suppose 0 = 7*j - m*j. Suppose 0 = 4*u - j*u - 5*l + 4, -3*l + 12 = 0. What is the units digit of u?
4
Let x(q) = -q + 27. Let u be x(22). Suppose u*p - 1307 = t, -4*t - 1313 = -9*p + 4*p. What is the units digit of p?
1
Let l = -120 - -45. Let k = l + 193. Suppose -3*c - 2*u = c - k, 5*c - 2*u = 152. What is the tens digit of c?
3
Suppose 4*y - 3*v = 3544, 3*y = 7*y - v - 3544. What is the hundreds digit of y?
8
Let c(a) = a**3 + a**2 - 21*a - 20. What is the tens digit of c(9)?
0
Let x(j) = -j**3 - 7*j**2 + 12*j + 9. Let g(f) = f**3 - 13*f**2 - 15*f + 5. Let p be g(14). What is the units digit of x(p)?
3
Let v(j) be the second derivative of 0 - 5/6*j**3 + j**2 - 1/12*j**4 - 6*j. What is the units digit of v(-4)?
6
Let k = 25 + -29. Let a(q) = -q**3 - 2*q**2 + 3*q - 4. Let j be a(k). Suppose 2*w + j = 96. What is the tens digit of w?
4
Let m be 16/(-12)*(-5)/((-20)/(-18)). Let q = 59 + m. What is the units digit of q?
5
Let v be (-5 - -6)/(4/8). Suppose 2*m - v*s = -5*s + 291, m - 3*s = 159. What is the hundreds digit of m?
1
Let b be (3/(-4))/((-19)/(-76)). Let h(j) = -6*j**3 + 4*j**2 - 2*j - 3. What is the units digit of h(b)?
1
Let p(x) = x**2 + 3*x + 2. Let r be p(-2). Suppose -n - 65 = -r*n. Let m = n - -108. What is the tens digit of m?
4
Let v = -52 + 55. What is the tens digit of 2*129 + (v - (3 + -1))?
5
Let s(d) = d**3 - 8*d**2 + 9*d. Let a be s(7). What is the tens digit of (a + (-4 - -1))*13?
4
Let g = -47 - -50. What is the tens digit of ((-5112)/(-15))/g + (-3)/5?
1
Let o(s) = 4*s**2 - 47*s - 20. Let v(f) = -2*f**2 + 23*f + 10. Let b(r) = 2*o(r) + 5*v(r). What is the units digit of b(8)?
0
Suppose 0 = 3*c + 3*r - 7017, 4*r + 5098 - 408 = 2*c. What is the tens digit of c?
4
What is the hundreds digit of (-21)/(-14)*-1*4380/(-18)?
3
Suppose -83623 - 181692 = -47*u. What is the units digit of u?
5
Let n = 10 - -52. Suppose -156 + n = -2*z. What is the tens digit of z?
4
Let t be ((-36)/(-14))/((-3)/(-518)). What is the tens digit of 3/(-2)*t/(-18)?
3
Let d(v) = 2*v + 15. Let l be d(-11). What is the units digit of 300/14 - 4/l*1?
2
Let o be (19 - 31)*2/(-4). Suppose -3*j = -4*h + 32, -o*h - 3*j + 32 = -2*h. What is the units digit of h?
8
Let a(z) = 6*z - 5. Suppose 0 = -2*s - s + 3. Suppose -4 = -j - s. What is the units digit of a(j)?
3
Let z be 430/(-55) - (-4)/(-22). Let s(m) = m**2 + 9*m + 8. Let n be s(z). Suppose n = -o - 3*o + 96. What is the units digit of o?
4
Let d(t) = -t**2 - 23*t - 16. Let y be d(-22). What is the hundreds digit of (-2842)/(-22) + y/(-33)?
1
Suppose 3*r = -5*o + 91, 2*r + 4*o = 3*r - 19. Let q be 12/(-3)*(-18)/2. Let m = q - r. What is the units digit of m?
9
Suppose -6*p = -p - 180. Let j(k) = k**2 - 11*k + 53. Let r be j(11). Let h = r - p. What is the units digit of h?
7
Let x(w) = w - 3. Let c be x(-2). Let r = 36 - 20. Let b = r + c. What is the units digit of b?
1
Let r = -86 - -92. What is the units digit of ((-62)/r + 0)/(1/(-15))?
5
Let f = -64 - -91. What is the units digit of f?
7
Suppose 0 = -636*z + 638*z - 2038. What is the thousands digit of z?
1
Let a(j) be the second derivative of j**5/20 + j**4/2 + j**3/6 + 3*j**2 + 5*j. Let i = 2 - 7. What is the tens digit of a(i)?
2
Suppose 119 + 290 = x - 2*c, -4*x = 2*c - 1586. Let n = x + -285. What is the tens digit of n?
1
Suppose 29*j - 20394 = 11*j. What is the thousands digit of j?
1
Let r(x) = -x**3 - 12*x**2 - x + 20. What is the tens digit of r(-21)?
1
Suppose -w + 0 + 1 = 0. Let c be w*-3 - (-21 + 8). Suppose -c*j + 4*j + 156 = 0. What is the units digit of j?
6
Let v(g) = 25*g**3 + g**2 - g - 1. Let t be v(-1). Let p = t + 27. Suppose p*s - 2*q + 38 = 4*s, 0 = 3*q - 12. What is the units digit of s?
0
Suppose 8*g - 12*g + 6988 = 0. What is the units digit of g?
7
Let w be ((-24)/10)/(515/(-250) - -2). Let r = w - -15. What is the units digit of r?
5
Suppose -382 = 3*z + 4*r, -3*z - 9*r + 7*r = 380. What is the hundreds digit of -6 - -3 - (-1 + z*1)?
1
Let f(v) = 3*v**2 - 28 + 21*v - v**2 - 3*v**2. What is the tens digit of f(14)?
7
Let d(q) = q**2 - 6*q + 9. Suppose -3*j = j - 48. Let a = j + -4. What is the tens digit of d(a)?
2
What is the thousands digit of 555346/308 - 5/70?
1
Suppose 5*h - 17 = 8, -5*h - 4231 = -2*n. What is the tens digit of n?
2
Let p = 128 + -107. Suppose r + 3 = -u, -u -